ulate the remainder when 8638 is divided by 8.
6
Calculate the remainder when 2090868 is divided by 89.
80
What is the remainder when 36471 is divided by 34?
23
Calculate the remainder when 246769 is divided by 25.
19
Calculate the remainder when 169296 is divided by 39.
36
What is the remainder when 80933 is divided by 536?
533
Calculate the remainder when 38778 is divided by 12917.
27
What is the remainder when 21743 is divided by 725?
718
Calculate the remainder when 3320 is divided by 654.
50
What is the remainder when 6915 is divided by 203?
13
What is the remainder when 313555 is divided by 195?
190
What is the remainder when 13227 is divided by 926?
263
Calculate the remainder when 1339 is divided by 260.
39
What is the remainder when 27504 is divided by 159?
156
Calculate the remainder when 3327 is divided by 3305.
22
What is the remainder when 38071 is divided by 25?
21
What is the remainder when 656 is divided by 155?
36
What is the remainder when 22394 is divided by 7443?
65
Calculate the remainder when 789 is divided by 118.
81
Calculate the remainder when 24815 is divided by 130.
115
Calculate the remainder when 736 is divided by 23.
0
What is the remainder when 18102 is divided by 3620?
2
Calculate the remainder when 14519 is divided by 3626.
15
Calculate the remainder when 11330 is divided by 3773.
11
Calculate the remainder when 648583 is divided by 4.
3
Calculate the remainder when 9831 is divided by 3270.
21
What is the remainder when 2769 is divided by 118?
55
Calculate the remainder when 63850 is divided by 165.
160
Calculate the remainder when 55839 is divided by 765.
759
Calculate the remainder when 22937 is divided by 1910.
17
Calculate the remainder when 49469 is divided by 24722.
25
Calculate the remainder when 23880 is divided by 30.
0
What is the remainder when 475088 is divided by 237540?
8
Calculate the remainder when 1220 is divided by 740.
480
What is the remainder when 2462 is divided by 314?
264
Calculate the remainder when 79161 is divided by 15831.
6
Calculate the remainder when 3165 is divided by 607.
130
What is the remainder when 18870 is divided by 264?
126
What is the remainder when 72044 is divided by 18?
8
Calculate the remainder when 58780 is divided by 9796.
4
Calculate the remainder when 161708 is divided by 829.
53
Calculate the remainder when 2505 is divided by 370.
285
Calculate the remainder when 39919 is divided by 15.
4
Calculate the remainder when 8396 is divided by 1192.
52
Calculate the remainder when 530140 is divided by 945.
940
Calculate the remainder when 1783 is divided by 801.
181
What is the remainder when 69064 is divided by 77?
72
What is the remainder when 4088095 is divided by 344?
343
Calculate the remainder when 2810 is divided by 28.
10
Calculate the remainder when 6279 is divided by 522.
15
What is the remainder when 526960 is divided by 83?
76
What is the remainder when 9456 is divided by 2245?
476
Calculate the remainder when 46100 is divided by 15.
5
What is the remainder when 7816 is divided by 79?
74
Calculate the remainder when 109656 is divided by 1179.
9
Calculate the remainder when 72910 is divided by 510.
490
What is the remainder when 43915 is divided by 305?
300
Calculate the remainder when 72411 is divided by 1187.
4
What is the remainder when 21293 is divided by 1109?
222
Calculate the remainder when 402610 is divided by 187.
186
Calculate the remainder when 1678 is divided by 805.
68
Calculate the remainder when 31273 is divided by 15636.
1
What is the remainder when 954 is divided by 334?
286
What is the remainder when 76457 is divided by 255?
212
What is the remainder when 3675 is divided by 103?
70
Calculate the remainder when 1550781 is divided by 13.
11
Calculate the remainder when 2728 is divided by 196.
180
Calculate the remainder when 11060 is divided by 209.
192
What is the remainder when 270862 is divided by 56?
46
What is the remainder when 444262 is divided by 222131?
0
Calculate the remainder when 257529 is divided by 37.
9
What is the remainder when 32089 is divided by 90?
49
What is the remainder when 7221 is divided by 54?
39
Calculate the remainder when 19534 is divided by 2892.
2182
Calculate the remainder when 70854 is divided by 864.
6
What is the remainder when 1769 is divided by 34?
1
What is the remainder when 566039 is divided by 20?
19
Calculate the remainder when 692762 is divided by 230917.
11
Calculate the remainder when 77659 is divided by 5973.
10
What is the remainder when 6192 is divided by 4542?
1650
What is the remainder when 55938 is divided by 293?
268
What is the remainder when 33437 is divided by 23?
18
What is the remainder when 1668748 is divided by 367?
366
What is the remainder when 76194 is divided by 977?
965
Calculate the remainder when 22327 is divided by 11154.
19
What is the remainder when 4100 is divided by 24?
20
What is the remainder when 541122 is divided by 890?
2
Calculate the remainder when 3825 is divided by 273.
3
Calculate the remainder when 107104 is divided by 35695.
19
What is the remainder when 2056 is divided by 294?
292
Calculate the remainder when 9818 is divided by 289.
281
What is the remainder when 4002 is divided by 680?
602
Calculate the remainder when 81557 is divided by 20.
17
Calculate the remainder when 515 is divided by 415.
100
What is the remainder when 813955 is divided by 1190?
1185
Calculate the remainder when 56697 is divided by 18885.
42
Calculate the remainder when 16536 is divided by 71.
64
Calculate the remainder when 1188162 is divided by 33.
30
Calculate the remainder when 4543 is divided by 9.
7
What is the remainder when 72427 is divided by 8046?
13
Calculate the remainder when 42613 is divided by 463.
17
What is the remainder when 208 is divided by 199?
9
Calculate the remainder when 2690 is divided by 332.
34
Calculate the remainder when 34962 is divided by 321.
294
What is the remainder when 64020 is divided by 286?
242
What is the remainder when 131251 is divided by 29?
26
What is the remainder when 25219 is divided by 1496?
1283
What is the remainder when 60409 is divided by 60382?
27
Calculate the remainder when 92141 is divided by 11516.
13
What is the remainder when 23215 is divided by 13?
10
Calculate the remainder when 18859 is divided by 996.
931
What is the remainder when 4632 is divided by 4028?
604
Calculate the remainder when 2344 is divided by 471.
460
Calculate the remainder when 353 is divided by 99.
56
What is the remainder when 1148 is divided by 761?
387
What is the remainder when 4368 is divided by 903?
756
What is the remainder when 380946 is divided by 78?
72
Calculate the remainder when 2792 is divided by 302.
74
Calculate the remainder when 15259 is divided by 897.
10
What is the remainder when 19186 is divided by 160?
146
Calculate the remainder when 15006 is divided by 3697.
218
Calculate the remainder when 10092 is divided by 10078.
14
What is the remainder when 13536 is divided by 540?
36
Calculate the remainder when 596020 is divided by 23.
21
Calculate the remainder when 22376 is divided by 640.
616
Calculate the remainder when 13681 is divided by 723.
667
What is the remainder when 1212 is divided by 581?
50
What is the remainder when 21414 is divided by 3056?
22
Calculate the remainder when 127413 is divided by 18190.
83
What is the remainder when 2977 is divided by 46?
33
Calculate the remainder when 42211 is divided by 97.
16
What is the remainder when 77777 is divided by 1051?
3
What is the remainder when 807931 is divided by 148?
147
Calculate the remainder when 56365 is divided by 635.
485
Calculate the remainder when 1050 is divided by 152.
138
What is the remainder when 5947 is divided by 135?
7
Calculate the remainder when 2785 is divided by 1163.
459
Calculate the remainder when 33663 is divided by 6.
3
Calculate the remainder when 24952 is divided by 8303.
43
Calculate the remainder when 2414 is divided by 419.
319
Calculate the remainder when 17654 is divided by 155.
139
Calculate the remainder when 4564 is divided by 3764.
800
Calculate the remainder when 417 is divided by 17.
9
Calculate the remainder when 383381 is divided by 369.
359
What is the remainder when 671052 is divided by 89?
81
Calculate the remainder when 517 